 17 a factor of 9997088?
True
Is 141411 a multiple of 277?
False
Is 6514373 a multiple of 191?
False
Is 7952805 a multiple of 15?
True
Does 26 divide 2262070?
False
Is 14 a factor of 99288?
True
Is 18 a factor of 978380?
False
Is 334747 a multiple of 119?
True
Is 180519 a multiple of 25?
False
Is 6248900 a multiple of 14?
True
Does 7 divide 5145940?
False
Is 14 a factor of 877303?
False
Is 13 a factor of 34073?
True
Is 314 a factor of 3840?
False
Is 14 a factor of 3874332?
True
Is 677955 a multiple of 15?
True
Is 39 a factor of 189618?
True
Is 864558 a multiple of 9?
True
Is 3878468 a multiple of 44?
True
Is 21 a factor of 2672922?
True
Does 193 divide 145136?
True
Is 3572114 a multiple of 7?
True
Is 3694505 a multiple of 631?
True
Is 1677730 a multiple of 75?
False
Is 801 a factor of 978631?
False
Does 27 divide 1113210?
True
Is 5 a factor of 2096585?
True
Is 39 a factor of 2349899?
False
Is 80 a factor of 740130?
False
Does 60 divide 243741?
False
Does 7 divide 122801?
True
Is 145 a factor of 319280?
False
Is 12 a factor of 97693?
False
Is 4 a factor of 182772?
True
Is 40 a factor of 1993480?
True
Is 454 a factor of 132417?
False
Is 11 a factor of 363979?
True
Is 42884 a multiple of 6?
False
Is 32 a factor of 231904?
True
Does 4 divide 1574375?
False
Is 4 a factor of 311288?
True
Does 6 divide 190164?
True
Is 191608 a multiple of 7?
False
Is 438 a factor of 9208043?
False
Does 48 divide 1535904?
True
Does 7 divide 386456?
True
Is 165048 a multiple of 31?
False
Is 12 a factor of 229239?
False
Is 3817963 a multiple of 1043?
False
Is 3 a factor of 2065?
False
Is 55 a factor of 538615?
True
Is 53 a factor of 526290?
True
Is 145197 a multiple of 8?
False
Does 116 divide 137109?
False
Does 9 divide 103793?
False
Does 1123 divide 9170418?
True
Is 64 a factor of 6156572?
False
Does 3 divide 161478?
True
Is 45652 a multiple of 115?
False
Is 197 a factor of 4145146?
False
Is 12 a factor of 79464?
True
Is 99 a factor of 56595?
False
Does 195 divide 20937234?
False
Is 130138 a multiple of 28?
False
Is 3630 even?
True
Does 144 divide 946224?
True
Is 362 a factor of 385168?
True
Does 42 divide 269161?
False
Does 34 divide 139335?
False
Is 42 a factor of 175286?
False
Does 24 divide 1584624?
True
Is 320040 a multiple of 24?
True
Does 96 divide 1173?
False
Does 82 divide 27956?
False
Is 32 a factor of 92772?
False
Is 305053 a multiple of 31?
False
Does 72 divide 158508?
False
Is 427822 a multiple of 118?
False
Is 61 a factor of 797697?
True
Is 19 a factor of 23199?
True
Is 896 a factor of 1455088?
False
Is 47952 a multiple of 296?
True
Is 95 a factor of 229504?
False
Does 885 divide 399135?
True
Is 4 a factor of 652915?
False
Is 85608 a multiple of 36?
True
Is 67056 a multiple of 48?
True
Is 845025 a multiple of 19?
True
Is 2217537 a multiple of 22?
False
Is 14 a factor of 72820?
False
Does 93 divide 1731127?
False
Does 374 divide 162661?
False
Does 194 divide 259965?
False
Does 238 divide 13452769?
False
Is 50 a factor of 8136400?
True
Does 193 divide 474177?
False
Is 357 a factor of 345298?
False
Does 58 divide 354690?
False
Does 24 divide 485232?
True
Does 13 divide 551824?
True
Does 3 divide 89843?
False
Is 65 a factor of 338860?
False
Is 458 a factor of 1169900?
False
Is 13 a factor of 2903511?
True
Is 92 a factor of 2644686?
False
Is 116436 a multiple of 12?
True
Is 102 a factor of 956454?
True
Is 64 a factor of 556138?
False
Is 66240 a multiple of 276?
True
Is 4 a factor of 63067?
False
Is 26 a factor of 3530948?
False
Does 17 divide 84354?
True
Is 129598 a multiple of 20?
False
Is 3451876 a multiple of 866?
True
Is 7 a factor of 2443609?
True
Is 550056 a multiple of 164?
True
Does 16 divide 359631?
False
Is 2792335 a multiple of 95?
True
Is 2608297 a multiple of 18?
False
Does 25 divide 1026625?
True
Is 978757 a multiple of 248?
False
Is 6670876 a multiple of 283?
True
Is 48 a factor of 4547464?
False
Is 277 a factor of 4622537?
False
Is 56 a factor of 4871104?
True
Does 111 divide 4527530?
False
Does 444 divide 704592?
False
Is 622710 a multiple of 66?
True
Does 519 divide 1172223?
False
Is 213 a factor of 965955?
True
Is 12 a factor of 98700?
True
Is 12 a factor of 188841?
False
Is 502898 a multiple of 6?
False
Is 5151 a multiple of 5?
False
Is 4055980 a multiple of 13?
False
Is 3 a factor of 343745?
False
Is 6590352 a multiple of 186?
True
Does 13 divide 135365?
False
Does 9 divide 107937?
True
Is 143230 a multiple of 14?
False
Is 13 a factor of 1106105?
True
Is 235399 a multiple of 16?
False
Is 116721 a multiple of 297?
True
Is 15 a factor of 3038190?
True
Is 385 a factor of 4347851?
False
Does 97 divide 480856?
False
Does 39 divide 2383111?
False
Does 11 divide 5970?
False
Is 4 a factor of 4744?
True
Is 1517 a factor of 4445017?
False
Is 39 a factor of 1209742?
False
Does 68 divide 1317704?
True
Is 7 a factor of 8126814?
False
Does 173 divide 1121023?
False
Does 12 divide 123096?
True
Is 4911396 a multiple of 723?
False
Does 245 divide 4435480?
True
Does 878 divide 23894060?
False
Is 4547376 a multiple of 24?
True
Is 174 a factor of 603741?
False
Is 202 a factor of 41612?
True
Is 11 a factor of 179702?
False
Does 217 divide 406224?
True
Is 21 a factor of 8578752?
True
Is 110124 a multiple of 7?
True
Is 12835592 a multiple of 28?
True
Is 221328 a multiple of 261?
True
Does 3 divide 1744056?
True
Is 34149 a multiple of 55?
False
Does 32 divide 98976?
True
Is 5 a factor of 155834?
False
Does 11 divide 64725?
False
Is 733590 a multiple of 26?
True
Is 12 a factor of 160416?
True
Is 242981 a multiple of 17?
True
Does 189 divide 480297?
False
Is 1639140 a multiple of 102?
True
Does 15 divide 160095?
True
Is 130365 a multiple of 29?
False
Is 4002435 a multiple of 334?
False
Is 89 a factor of 260859?
True
Is 34 a factor of 13974?
True
Is 5378760 a multiple of 1115?
True
Is 23503392 a multiple of 24?
True
Is 1195639 a multiple of 25?
False
Is 31752 a multiple of 98?
True
Is 13 a factor of 371408?
False
Is 104 a factor of 465192?
True
Is 512568 a multiple of 3?
True
Is 238434 a multiple of 54?
False
Is 24 a factor of 8217595?
False
Does 9 divide 3053255?
False
Is 31 a factor of 308605?
True
Is 301239 a multiple of 5?
False
Does 70 divide 323540?
True
Is 208384 a multiple of 300?
False
Is 18 a factor of 22876?
False
Is 7 a factor of 6113681?
True
Is 224848 a multiple of 208?
True
Is 98912 a multiple of 16?
True
Is 128 a factor of 5143680?
True
Is 109240 a multiple of 77?
False
Does 133 divide 4314279?
False
Does 809 divide 3596718?
False
Is 705808 a multiple of 248?
True
Is 15246 a multiple of 6?
True
Does 1695 divide 7144425?
True
Is 755 a factor of 530765?
True
Is 326 a factor of 1180716?
False
Is 300 a factor of 12874200?
True
Is 262258 a multiple of 25?
False
Is 7 a factor of 115221?
False
Is 1222 a factor of 372710?
True
Does 1542 divide 6696906?
True
Is 92 a factor of 38364?
True
Is 83733 a multiple of 19?
True
Is 7951056 a multiple of 113?
False
Does 792 divide 1389512?
False
Is 6704784 a multiple of 202?
True
Is 67 a factor of 270077?
True
Is 48 a factor of 46176?
True
Is 45684 a multiple of 162?
True
Is 12669465 a multiple of 312?
False
Is 9 a factor of 427068?
True
Is 174792 a multiple of 175?
False
Is 202 a factor of 7807?
False
Is 246 a factor of 3810433?
False
Is 7 a factor of 705328?
False
Does 8 divide 4601813?
False
Does 21 divide 98294?
False
Does 87 divide 4922808?
True
Is 108079 a multiple of 67?
False
Is 70 a factor of 3319094?
False
Is 238412 a multiple of 5?
False
Does 47 divide 587641?
True
Is 2145757 a multiple of 60?
False
Does 106 divide 1143393?
False
Is 133 a factor of 64345?
False
Is 3200576 a multiple of 172?
True
Is 6 a factor of 5265798?
True
Does 34 divide 278358?
True
Is 65 a factor of 76895?
True
Does 84 divide 1162056?
True
Is 25057 a multiple of 21?
False
Does 282 divide 252496?
False
Is 17 a factor of 1028238?
False
Is 2051205 a multiple of 13?
True
Does 19 divide 1889968?
True
Does 785 divide 14161902?
False
Is 80277 a multiple of 4?
False
Is 8 a factor of 99831?
False
Is 217 a factor of 620620?
True
Is 65960 a multiple of 68?
True
Is 65 a factor of 127335?
True
Is 104187 a multiple of 39?
False
Does 75 divide 46050?
True
Is 84 a factor of 964320?
True
Is 53 a factor of 1362577?
True
Is 85492 a multiple of 22?
Tr